 = 4*n - 2. Suppose -1639 = -6*k + 857. Suppose -381 = 5*a - k. Give d(a).
26
Let i(d) = -2*d - 10. Let l(f) = -f**3 + 35*f + 17. Let t be l(-6). Determine i(t).
-56
Let r be 8*(-7)/700 + (-294)/75. Let k(u) = 11*u - 23. Let t(o) = 5*o - 11. Let d(m) = -6*k(m) + 13*t(m). What is d(r)?
-1
Suppose 5*d + 1 = -j, -1479*d + 1483*d + 4*j = -20. Let v(g) = -80*g**3 + g**2 + g - 2. Determine v(d).
-80
Let i be (-4)/(-14) - (-10)/14. Let k(y) = 6*y**2 - 2*y - 5. Let j = -1402 + 1400. Let d(r) = -30*r**2 + 11*r + 27. Let o(w) = j*d(w) - 11*k(w). Calculate o(i).
-5
Let a(f) be the second derivative of f**4/12 - 2*f**3/3 + 2*f**2 + 2*f. Suppose 60*c - 77*c + 612 = 0. Suppose k + 16 = 6*w - w, 5*k + 4*w = c. Give a(k).
4
Let w(r) = -2*r**2 + 11*r + 7. Let q be 136/(-68) - -6*(-3)/(-2). Calculate w(q).
-14
Let s = 24384 - 24384. Let q(u) = 2*u**2 + 7*u - 18. Determine q(s).
-18
Suppose 5*g + 0*g + 5*n = 125, -g - 4*n = -37. Suppose g = 2*k + k - 5*z, 22 = 5*k - 4*z. Let o(j) = -7*j**k + j - 3*j + j**3 + 5*j**2 - 3. What is o(3)?
0
Let x(y) = 44 + 7*y - 99 + 5*y + 40. Give x(7).
69
Let n(v) = -19*v**2 + 2*v + 1. Let o be ((-2)/(-2))/(11016/11028 - 1). Let s = o + 918. Give n(s).
-20
Let o(p) be the first derivative of -2 + 8*p + 14*p**2 + 14*p**2 - 29*p**2 + 22. Give o(8).
-8
Let t(w) = 5*w + 18. Let l(b) = -6*b - 17. Let u(d) = 4*l(d) + 5*t(d). Let r be -18 - 26*(-8)/16 - 4. What is u(r)?
13
Let i be 6 + (-2 - 2) - 20/(-5). Let d(n) = 3*n**2 - 5 - 2 - 6*n - 3*n**2 + n**2. Determine d(i).
-7
Let a be (1/(-3))/((-3*1)/9). Let y(z) = 2*z**2 - 5*z**3 - a + 0*z**2 + 7*z**3 + 5*z**3. Give y(-1).
-6
Let x(s) = 499*s + 476*s + 1 + 9 - 973*s + 7. Determine x(-8).
1
Let z(t) = 16*t + 177. Let d = -975 + 964. Let l be z(d). Let g(q) = -8*q**2 - 4*q**2 + 0 + 1. What is g(l)?
-11
Let o(h) = 12*h - 5 - 29*h + 26*h - 5 + 1. Calculate o(-5).
-54
Let g(b) be the third derivative of b**5/30 - 11*b**4/8 + 11*b**3/6 - 89*b**2. What is g(16)?
-5
Let t(i) = i**3 + 4*i**2 - 2*i + 15. Let r be t(-5). Let h(x) = x + 23. Let s be h(-16). Let z(q) = s - 3 + 7*q - 8*q + 5. Determine z(r).
9
Let d(a) = -9*a**2 + 3*a + 21. Let p(b) = -4*b**2 + b + 10. Let z(m) = -6*d(m) + 13*p(m). Let y = -5 + 8. Give z(y).
7
Let q(n) = 2*n - 2 + 0*n - 3*n + 7. Let d(y) = -y**2 + 36*y + 6. Let t be d(36). Give q(t).
-1
Let g = -1 - 2. Let v = -1 - g. Let s(o) = -o + 28. Let h(p) = 2*p - 166. Let b(w) = -h(w) - 6*s(w). Calculate b(v).
6
Let m(c) = 10*c + 19. Let v(o) = o + 2. Let j(r) = m(r) - 2*v(r). Let q(a) = -7*a - 15. Let u(k) = -6*j(k) - 7*q(k). What is u(-9)?
6
Let w(p) = -p**2 - 11*p + 9. Let h(k) = 25*k - 161. Suppose z = -5*f + 1, 3*z = -6*f + 3*f + 15. Let r be h(z). What is w(r)?
9
Suppose 2*i + 2*u = 2, -2*i - 7*u = -2*u + 1. Let l(w) be the second derivative of 1/12*w**4 + 18*w + 0 - 3*w**i + 7/6*w**3. Give l(-6).
-12
Suppose -110 = -79*p + 68*p. Let b(w) = -2*w + p*w + 3*w + 8*w. What is b(-1)?
-19
Let s(z) be the second derivative of 7/12*z**4 + 1/20*z**5 - 17*z - 2*z**2 + 0 + 5/6*z**3. Suppose 2*g - 22 = -v + 3*v, -2*g - 14 = 4*v. Determine s(v).
2
Let x be 0/9 - 44/2. Let q = x + 26. Let b(y) = -5*y**2 - 6*y + 10 + q*y**2 - 7. Give b(-6).
3
Let z(k) = -3*k**2 + 5*k - 3. Let d be 3/(27/(-18))*2. Give z(d).
-71
Suppose -2*c - 2*c - 12 = 0. Let n(k) be the third derivative of -1/3*k**3 + 0*k - 111*k**2 + 0 + 0*k**5 - 1/120*k**6 + 1/8*k**4. Give n(c).
16
Let i(u) be the second derivative of -33*u - 3/2*u**2 - 1/6*u**3 + 2. Calculate i(2).
-5
Suppose -128*r - 1640 = 43*r - 7*r. Let c(d) = -5*d - 3. Calculate c(r).
47
Let i = 181 - 173. Let f(m) = -m**2 + 10 - i*m**2 + 32*m**3 + 8*m - 67*m**3 + 36*m**3. Calculate f(7).
-32
Let t(h) = -4*h + 0*h + 6*h - 1. Let p(c) = 3*c**2 - c**2 - 15 + 10*c**3 + 8*c**3 + 13*c**3 - 32*c**3 + 12*c. Let n be p(4). Determine t(n).
1
Let g(r) = -5*r + 0*r**2 - 2 + 3*r**2 - 4*r**2. Suppose 0 = -77*y - 5 - 226. Give g(y).
4
Let q(r) = -r - 8. Let z(t) = -t**3 + 7*t**2 + 2*t + 9. Let w be z(6). Let g = w + -39. Suppose -g*n = -20*n. Give q(n).
-8
Suppose z + 2*i = -4 + 14, -5*z - 2*i + 34 = 0. Suppose -z*r - 21 = -9*r. Let y(q) = q + 1. What is y(r)?
8
Let s(n) be the third derivative of 0 - 2/15*n**5 + 204*n**2 - 1/8*n**4 - 1/3*n**3 - 1/120*n**6 + 0*n. What is s(-7)?
-30
Let g(i) = -4*i - 4*i - 588418 + 588430. What is g(2)?
-4
Let b(f) = f + 9. Let i be -3 + (-17 + 6 + 2 - -4). Give b(i).
1
Let n = -990 + 997. Let z(b) = 16*b - 121. Determine z(n).
-9
Let k(m) be the second derivative of -m**3/6 + 35*m**2/2 + 4*m + 279. Let x(c) = -c**2 + 10*c - 9. Let j be x(9). What is k(j)?
35
Let k(r) = -2*r**2 + 7*r + 38. Let c = -7009 + 7015. Give k(c).
8
Let j(w) = 6*w + 2. Let l = -365 - 153. Let a = l - -520. Give j(a).
14
Let d(u) = u**2 + 12*u - 3. Let q(m) = m**3 + 5*m**2 - 2*m + 27. Let g be q(-6). Suppose 4*b = i + 31, b = -g*i - 32 + 4. Determine d(i).
-14
Let i(g) = -9 + 281*g**2 - 141*g**2 + 5*g - 138*g**2. Calculate i(5).
66
Let f(u) = u**3 + 3*u**2 - 9*u - 2. Let t(x) = -x**3 - 5*x**2 - 13*x + 24. Let m be t(-10). Let l = 649 - m. What is f(l)?
-7
Suppose 2*z = 6, -z + 11 + 14 = 2*q. Suppose -q*s + 65 - 142 = 0. Let l(t) = -2*t**2 - 16*t - 3. Give l(s).
11
Let b(k) = 2*k**3 - 36*k**2 + 19*k + 13. Let j(a) = -3*a**3 - 6*a**2 + 3*a + 2. Let r(q) = b(q) - 6*j(q). Calculate r(-1).
-20
Let p(i) be the first derivative of i**4/4 - 5*i**2/2 + 3*i + 1702. Determine p(-4).
-41
Let u(f) = 7*f + 12. Let p = -4408 + 4405. Give u(p).
-9
Let u(k) = k. Let m(c) = 4*c - 6. Let x(o) = -m(o) + 3*u(o). Let s(t) = 54*t - 9. Let z be s(0). Let r be (-2)/(-3)*z/1*-1. What is x(r)?
0
Let l(p) = -2*p - 2. Suppose -4*j = 4*g - 58 + 18, -3*g + 9 = 0. Suppose -j*k + 3 = -4*k. Calculate l(k).
-4
Suppose 0 = -6*f + 48 + 12. Suppose 2*d + 11 = q, -7*q + 15 = -f*q. Let w(h) = -h**3 - 8*h**2 - h - 1. Determine w(d).
7
Let t(q) be the first derivative of -q**2/2 - 7*q - 1. Let m be ((-539)/(-98) - 1)/(3/(-2)). Give t(m).
-4
Let w(u) = 16 + 476*u**3 - 941*u**3 - 6*u**2 + 18*u**2 + 0*u + 466*u**3 + 12*u. Suppose 4*z = -2*d - 23 - 15, 5*z + 2*d + 49 = 0. What is w(z)?
5
Let r(v) = -10*v**2 + 12*v - 8. Let z = 290 - 294. Let n(o) = 8*o**2 - 11*o + 7. Let u(q) = z*n(q) - 3*r(q). Calculate u(5).
-14
Let t = 35 - 59. Let r = t + 26. Suppose p = -4*y - y + 43, -p - 13 = -r*y. Let x(z) = -z**3 + 9*z**2 - 6*z - 8. Determine x(y).
8
Let v(q) = -8*q - 36. Let i be 244/(-5734) - (-70)/(-141)*12. Determine v(i).
12
Let i be ((-3)/(-3))/(4/12). Let p(g) = -24 + 10*g**2 + 71 - 3*g**2 - 25 - g**i + g - 24. Determine p(7).
5
Let f = -678 + 4069/6. Let p(v) be the second derivative of 0 - 9*v + 1/2*v**2 - f*v**3. What is p(4)?
-3
Let m(l) = 1 + 29 + 41 - 26 - l. Determine m(7).
38
Let f(x) = -3*x**2 - 2*x. Let o(h) = -49*h**2 + 6*h + 1. Let n be o(-1). Let b = n - -52. Let p be 26/39*9/b. Calculate f(p).
-21
Let l be (0 + 2)/((-4 + 2)/66). Let k be (l/110)/((-1)/(-20)). Let d(n) = -n**3 - 12*n**2 - n - 17. What is d(k)?
-5
Let u(i) = i**2 + 4*i - 5. Suppose 5*f - 3*b + 339 = 0, f - 4*f = 3*b + 189. Suppose -9*x + 2*x = -420. Let l = f + x. What is u(l)?
7
Suppose -9 = -l - 7. Suppose -10 = -2*j + 3*d, -l*d + 10 = 3*d. Let s(m) = -68*m - j + 136*m - 69*m. Give s(-6).
-2
Suppose 0 = s + 3*g - 2, -20*s + 24*s - 5*g - 8 = 0. Let v(y) = -8*y**2 + 1. Let k(j) = -7*j**2 + j. Let h(p) = 4*k(p) - 3*v(p). Determine h(s).
-11
Let t(c) be the second derivative of 11*c**3/3 - 93*c**2/2 + 1911*c. Give t(3).
-27
Let c(f) = f**2 + 5*f - 7. Suppose 5*q = -9 - 16, -4*i = 3*q - 1493. Let x = 371 - i. Give c(x).
-1
Suppose -5*m - 5*j - 9 + 44 = 0, -5*m = -5*j + 35. Let k(v) = v**3 + 11*v - 1. What is k(m)?
-1
Let v(z) be the second derivative of -3/4*z**4 + 0 + 6*z + 1/6*z**3 - 4*z**2 + 1/20*z**5. Let r be v(9). Let i(p) = -10*p**3 + p. Give i(r).
-9
Let f(l) = -l**3 + 5*l**2 + 5*l + 8. Let u = 72 - 66. Suppose 0 = u*p - 6 + 24. Let m be 3 + (3 - (p + 3)). Calculate f(m).
2
Let g(w) be the first derivative of -2*w**2 - 2*w - 4532. What is g(-3)?
10
Let s(t) be the second derivative of 5*t**3/3 - 167*t**2/2 - t + 66. Calculate s(13).
-37
Let o(q) = 9*q**3 + q**2. Let a = 258 + -382. Let w = 123 + a. Calculate o(w).
-8
Let x(n) be the third derivative of -5/24*n**4 + 0 + 38*n**2 + 0*n - 1/6*n**3. What is x(-1)?
4
Let u = -82 - -4